{"id":17,"date":"2023-05-12T17:02:58","date_gmt":"2023-05-12T15:02:58","guid":{"rendered":"http:\/\/family-bike-travel.fr\/?page_id=17"},"modified":"2023-05-31T18:52:03","modified_gmt":"2023-05-31T16:52:03","slug":"notre-tribut","status":"publish","type":"page","link":"https:\/\/family-bike-travel.fr\/index.php\/notre-tribut\/","title":{"rendered":"Notre Tribu"},"content":{"rendered":"<div class=\"initial-letter\">\n<div class=\"wp-block-media-text alignwide is-stacked-on-mobile\"><figure class=\"wp-block-media-text__media\"><img loading=\"lazy\" decoding=\"async\" width=\"768\" height=\"1024\" src=\"https:\/\/family-bike-travel.fr\/wp-content\/uploads\/2023\/05\/IMG_0436-768x1024.jpeg\" alt=\"\" class=\"wp-image-434 size-full\" srcset=\"https:\/\/family-bike-travel.fr\/wp-content\/uploads\/2023\/05\/IMG_0436-768x1024.jpeg 768w, https:\/\/family-bike-travel.fr\/wp-content\/uploads\/2023\/05\/IMG_0436-225x300.jpeg 225w, https:\/\/family-bike-travel.fr\/wp-content\/uploads\/2023\/05\/IMG_0436-1152x1536.jpeg 1152w, https:\/\/family-bike-travel.fr\/wp-content\/uploads\/2023\/05\/IMG_0436-1536x2048.jpeg 1536w, https:\/\/family-bike-travel.fr\/wp-content\/uploads\/2023\/05\/IMG_0436-600x800.jpeg 600w, https:\/\/family-bike-travel.fr\/wp-content\/uploads\/2023\/05\/IMG_0436-945x1260.jpeg 945w, https:\/\/family-bike-travel.fr\/wp-content\/uploads\/2023\/05\/IMG_0436-scaled.jpeg 1920w\" sizes=\"auto, (max-width: 768px) 100vw, 768px\" \/><\/figure><div class=\"wp-block-media-text__content\">\n<p>L&rsquo;hiver en ski de randonn\u00e9e, l&rsquo;\u00e9t\u00e9 entre le trail running et le v\u00e9lo. Xavier adore la montagne et \u00eatre proche de la nature, c&rsquo;est lui qui va concocter les itin\u00e9raires, g\u00e9rer la m\u00e9canique de nos montures et \u00e9galement trouver le mat\u00e9riel qui va \u00eatre le plus adapt\u00e9 pour le voyage. <\/p>\n\n\n\n<p>En voyage, il adore pouvoir trouver les meilleurs spots pour bivouaquer, et boire une bonne bi\u00e8re locale apr\u00e8s une grosse journ\u00e9e \u00e0 p\u00e9daler.<\/p>\n<\/div><\/div>\n\n\n\n<p><\/p>\n\n\n\n<div class=\"wp-block-media-text alignwide is-stacked-on-mobile\"><figure class=\"wp-block-media-text__media\"><img loading=\"lazy\" decoding=\"async\" width=\"1024\" height=\"768\" src=\"https:\/\/family-bike-travel.fr\/wp-content\/uploads\/2023\/05\/IMG_0388-1024x768.jpeg\" alt=\"\" class=\"wp-image-435 size-full\" srcset=\"https:\/\/family-bike-travel.fr\/wp-content\/uploads\/2023\/05\/IMG_0388-1024x768.jpeg 1024w, https:\/\/family-bike-travel.fr\/wp-content\/uploads\/2023\/05\/IMG_0388-300x225.jpeg 300w, https:\/\/family-bike-travel.fr\/wp-content\/uploads\/2023\/05\/IMG_0388-768x576.jpeg 768w, https:\/\/family-bike-travel.fr\/wp-content\/uploads\/2023\/05\/IMG_0388-1536x1152.jpeg 1536w, https:\/\/family-bike-travel.fr\/wp-content\/uploads\/2023\/05\/IMG_0388-2048x1536.jpeg 2048w, https:\/\/family-bike-travel.fr\/wp-content\/uploads\/2023\/05\/IMG_0388-600x450.jpeg 600w, https:\/\/family-bike-travel.fr\/wp-content\/uploads\/2023\/05\/IMG_0388-945x709.jpeg 945w\" sizes=\"auto, (max-width: 1024px) 100vw, 1024px\" \/><\/figure><div class=\"wp-block-media-text__content\">\n<p>S&rsquo;occupe de l&rsquo;intendance et que personne ne manque de rien. Aimant les grands espaces et les voyages, C\u00e9line sera la polyglotte de la famille. Ayant une aisance en anglais et espagnol, elle pourra \u00e9changer facilement avec les personnes crois\u00e9es.<\/p>\n\n\n\n<p>En voyage, C\u00e9line aime les visites de monuments et culturelles, les bivouacs \u00e0 l&rsquo;\u00e9cart des villes et p\u00e9daler en pleine nature.<\/p>\n<\/div><\/div>\n\n\n\n<p>                     <\/p>\n\n\n\n<div class=\"wp-block-media-text alignwide is-stacked-on-mobile\"><figure class=\"wp-block-media-text__media\"><img loading=\"lazy\" decoding=\"async\" width=\"768\" height=\"1024\" src=\"https:\/\/family-bike-travel.fr\/wp-content\/uploads\/2023\/05\/IMG_0618-1-768x1024.jpeg\" alt=\"\" class=\"wp-image-436 size-full\" srcset=\"https:\/\/family-bike-travel.fr\/wp-content\/uploads\/2023\/05\/IMG_0618-1-768x1024.jpeg 768w, https:\/\/family-bike-travel.fr\/wp-content\/uploads\/2023\/05\/IMG_0618-1-225x300.jpeg 225w, https:\/\/family-bike-travel.fr\/wp-content\/uploads\/2023\/05\/IMG_0618-1-1152x1536.jpeg 1152w, https:\/\/family-bike-travel.fr\/wp-content\/uploads\/2023\/05\/IMG_0618-1-1536x2048.jpeg 1536w, https:\/\/family-bike-travel.fr\/wp-content\/uploads\/2023\/05\/IMG_0618-1-600x800.jpeg 600w, https:\/\/family-bike-travel.fr\/wp-content\/uploads\/2023\/05\/IMG_0618-1-945x1260.jpeg 945w, https:\/\/family-bike-travel.fr\/wp-content\/uploads\/2023\/05\/IMG_0618-1-scaled.jpeg 1920w\" sizes=\"auto, (max-width: 768px) 100vw, 768px\" \/><\/figure><div class=\"wp-block-media-text__content\">\n<p>Plein d&rsquo;\u00e9nergie et curieux de tout se qui l&rsquo;entour, Math\u00e9o aime le v\u00e9lo, la trottinette, l&rsquo;escalade, le ski, le snowboard et les jeux vid\u00e9os. Il adore \u00eatre dehors et jouer avec son fr\u00e8re. Il aime d\u00e9couvrir de nouveaux lieux et apprendre les langues \u00e9trang\u00e8res.<\/p>\n\n\n\n<p>En voyage il adore les bivouacs, s&rsquo;occuper du feu quand il est possible d&rsquo;en faire et pouvoir se baigner.<\/p>\n\n\n\n<p><\/p>\n<\/div><\/div>\n\n\n\n<p class=\"has-text-align-left\">                 <\/p>\n\n\n\n<div class=\"wp-block-media-text alignwide is-stacked-on-mobile\"><figure class=\"wp-block-media-text__media\"><img loading=\"lazy\" decoding=\"async\" width=\"768\" height=\"1024\" src=\"https:\/\/family-bike-travel.fr\/wp-content\/uploads\/2023\/05\/IMG_0431-1-768x1024.jpeg\" alt=\"\" class=\"wp-image-437 size-full\" srcset=\"https:\/\/family-bike-travel.fr\/wp-content\/uploads\/2023\/05\/IMG_0431-1-768x1024.jpeg 768w, https:\/\/family-bike-travel.fr\/wp-content\/uploads\/2023\/05\/IMG_0431-1-225x300.jpeg 225w, https:\/\/family-bike-travel.fr\/wp-content\/uploads\/2023\/05\/IMG_0431-1-1152x1536.jpeg 1152w, https:\/\/family-bike-travel.fr\/wp-content\/uploads\/2023\/05\/IMG_0431-1-1536x2048.jpeg 1536w, https:\/\/family-bike-travel.fr\/wp-content\/uploads\/2023\/05\/IMG_0431-1-600x800.jpeg 600w, https:\/\/family-bike-travel.fr\/wp-content\/uploads\/2023\/05\/IMG_0431-1-945x1260.jpeg 945w, https:\/\/family-bike-travel.fr\/wp-content\/uploads\/2023\/05\/IMG_0431-1-scaled.jpeg 1920w\" sizes=\"auto, (max-width: 768px) 100vw, 768px\" \/><\/figure><div class=\"wp-block-media-text__content\">\n<p>Le petit bout en train de la famille. Il aime \u00eatre dehors \u00e0 longueur de journ\u00e9e, est l&rsquo;ami des animaux et adore manger. Il sait faire du v\u00e9lo \u00ab\u00a0comme les grands\u00a0\u00bb et aime aller au Pump track. <\/p>\n\n\n\n<p>En voyage, Nathan aime p\u00e9daler dans les descentes, manger , se baigner et \u00eatre tout le temps dehors. Il veut aussi pouvoir avoir le drapeau du pays qu&rsquo;il visite et pouvoir prendre des jouets et son doudou dans sa sacoche. <\/p>\n<\/div><\/div>\n\n\n\n<p>        <\/p>\n<\/div>","protected":false},"excerpt":{"rendered":"<p>L&rsquo;hiver en ski de randonn\u00e9e, l&rsquo;\u00e9t\u00e9 entre le trail running et le v\u00e9lo. Xavier adore la montagne et \u00eatre proche de la nature, c&rsquo;est lui qui va concocter les itin\u00e9raires, g\u00e9rer la m\u00e9canique de nos montures et \u00e9galement trouver le&#8230; <a class=\"more-link\" href=\"https:\/\/family-bike-travel.fr\/index.php\/notre-tribut\/\">Continue Reading &rarr;<\/a><\/p>\n","protected":false},"author":1,"featured_media":416,"parent":0,"menu_order":0,"comment_status":"closed","ping_status":"closed","template":"","meta":{"footnotes":""},"class_list":["post-17","page","type-page","status-publish","has-post-thumbnail","hentry"],"_links":{"self":[{"href":"https:\/\/family-bike-travel.fr\/index.php\/wp-json\/wp\/v2\/pages\/17","targetHints":{"allow":["GET"]}}],"collection":[{"href":"https:\/\/family-bike-travel.fr\/index.php\/wp-json\/wp\/v2\/pages"}],"about":[{"href":"https:\/\/family-bike-travel.fr\/index.php\/wp-json\/wp\/v2\/types\/page"}],"author":[{"embeddable":true,"href":"https:\/\/family-bike-travel.fr\/index.php\/wp-json\/wp\/v2\/users\/1"}],"replies":[{"embeddable":true,"href":"https:\/\/family-bike-travel.fr\/index.php\/wp-json\/wp\/v2\/comments?post=17"}],"version-history":[{"count":8,"href":"https:\/\/family-bike-travel.fr\/index.php\/wp-json\/wp\/v2\/pages\/17\/revisions"}],"predecessor-version":[{"id":449,"href":"https:\/\/family-bike-travel.fr\/index.php\/wp-json\/wp\/v2\/pages\/17\/revisions\/449"}],"wp:featuredmedia":[{"embeddable":true,"href":"https:\/\/family-bike-travel.fr\/index.php\/wp-json\/wp\/v2\/media\/416"}],"wp:attachment":[{"href":"https:\/\/family-bike-travel.fr\/index.php\/wp-json\/wp\/v2\/media?parent=17"}],"curies":[{"name":"wp","href":"https:\/\/api.w.org\/{rel}","templated":true}]}}